. Let n(m) = 129*m**2 + 3*m - 2. What are the prime factors of n(g)?
2, 5, 13
Let i be ((402/8)/1)/((-2)/(-8)). Suppose 0 = -6*m + 99 + i. List the prime factors of m.
2, 5
Let h = 19 + -22. Let f be ((-2)/(-3))/(21/(-9) - h). What are the prime factors of 38*(9/36)/(f/8)?
2, 19
Let f = -15 - -25. Suppose 84 = f*x - 6*x. Suppose -2*c + 3*z = -51, 73 + x = 4*c + 2*z. What are the prime factors of c?
2, 3
Let u = 145 - 140. What are the prime factors of (-3646)/(-10) - ((-69)/(-15) - u)?
5, 73
Let w = -1560 - -13060. What are the prime factors of w?
2, 5, 23
Let z = -90 + 85. List the prime factors of (-165)/(-35) + z - (-6990)/14.
499
Let o(v) = -18*v + 333. Let h be o(8). Let m be 3/3 - (-24 - 0). Let w = h + m. What are the prime factors of w?
2, 107
Let q be (117/5)/((-3)/(-15)). Let n = 46 - 40. Suppose n*d = -q + 411. What are the prime factors of d?
7
Suppose 5*s = 620 + 80. Let f = 190 - s. What are the prime factors of (-40)/(-6)*1920/f?
2
Suppose 5*p - 2*q - 8905 = -7*q, 0 = 2*p - 2*q - 3558. Let c = p - 676. What are the prime factors of c?
2, 3, 23
Suppose -73542 = 3624*o - 3645*o. List the prime factors of o.
2, 17, 103
What are the prime factors of -15 - (-644)/42 - (-42794)/3?
3, 5, 317
Suppose -11*q + 462780 = 2*q + 2*q. List the prime factors of q.
2, 3, 857
Let k be (16/(-10))/(10/(-425)). Let v = -63 + k. Suppose -o + 53 = -v*p, 144 = 2*o + p - 17. List the prime factors of o.
2, 3, 13
Let a = -94523 + 135170. What are the prime factors of a?
3, 17, 797
Suppose -2*q - 828 = 1074. Let t = -647 - q. List the prime factors of t.
2, 19
Let w = -8963 - -9016. Suppose s = -2*s + 258. Suppose -r = -w - s. List the prime factors of r.
139
Let t be (2 - 6)*1001/22. Let h = t - -239. What are the prime factors of h?
3, 19
Let u = 33071 + -28776. List the prime factors of u.
5, 859
Suppose -i = -4*y - 9769, 2*y - 3931 - 5820 = -i. List the prime factors of i.
11, 887
Let a be (-784)/(-10) + 3/5. Let m = a + -40. Suppose 13 + m = 4*y. What are the prime factors of y?
13
Suppose -76*i = -22170 - 88638. List the prime factors of i.
2, 3
Suppose -5 = -t - 1. Suppose -3*n + 0*u = -u - 3782, 0 = -2*n - t*u + 2512. Suppose -6*q + 13*q = n. List the prime factors of q.
2, 3, 5
Let o(n) = -2*n**2 + 49*n + 7. Let u be o(23). Let d = u + 34. Let j = 131 - d. What are the prime factors of j?
3, 7
Let l = -2760 + 25345. List the prime factors of l.
5, 4517
Let w(d) = -4*d**3 + 5*d**2 - d. Let i be w(1). Suppose -4*f + 569 + 191 = i. What are the prime factors of f?
2, 5, 19
Suppose 8 = -11*x + 52. What are the prime factors of -6 + 890/55 - x/22?
2, 5
Suppose 81*z = 1236046 + 1752692. List the prime factors of z.
2, 19, 971
Let x(n) = n**3 - 10*n**2 - 8*n - 23. Let t be (-16)/64 + (-90)/(-8). Let z be x(t). Let y = z - -24. List the prime factors of y.
2, 17
Suppose -394*m + 759*m + 294138 = 391*m. What are the prime factors of m?
3, 419
Let i(c) = -58*c - 137. Let o be i(-5). Suppose -o*k = -154*k + 878. List the prime factors of k.
2, 439
Let b(v) = 114*v**2 - 276*v + 89. What are the prime factors of b(14)?
31, 599
Let n(j) = 6*j**2 + 14*j - 466. List the prime factors of n(-28).
2, 3, 641
Let q be ((-2)/6)/((-2)/618). Suppose -8*s + 25 = 201. Let u = q - s. What are the prime factors of u?
5
Suppose -13*v + 5859 = -10*v - 4*h, 5*v = 3*h + 9754. What are the prime factors of v?
1949
Let x = 25294 + -12506. List the prime factors of x.
2, 23, 139
Let f = -102 + 66. What are the prime factors of 1/(-4) + ((-32409)/f)/13?
3, 23
Let m = 2239 - 1488. Let i = m + 273. What are the prime factors of i?
2
Let p(a) = 3188*a**2 - 1851*a + 7412. What are the prime factors of p(4)?
2, 7, 911
Suppose 2*v - 6 = -4*h, -2*v + 5 = -5*h + 35. Let t(r) = -15 + 5 - 14*r - 3*r + 5*r**2 + 21*r. List the prime factors of t(h).
2, 43
Suppose -y + 67 = -176. Let p = y - -91. List the prime factors of p.
2, 167
Let p(m) = -3*m**3 + m**2 - 2*m - 3. Let j be p(-1). Let x(i) = i**2 + 4*i - 1. Let u be x(-4). List the prime factors of (3 - j) + (u - -99).
2, 7
Let l(z) = -2*z**3 - 16*z**2 - 17*z - 17. Let n be l(-7). Suppose n*a = a + 21. Suppose -3*o - 884 = -a*o. List the prime factors of o.
13, 17
Let f(o) be the second derivative of o**4/2 - o**3/2 + o**2/2 - 2*o. Suppose -19*x - 83 = -121. What are the prime factors of f(x)?
19
Let q = -270 + 272. Suppose 519 = b + q*p, 511 = b - 13*p + 11*p. List the prime factors of b.
5, 103
Let o(k) = 11*k - 28. Let g be o(3). Suppose 0*r - 2014 = -4*r - g*p, -2*p - 2000 = -4*r. List the prime factors of r.
3, 167
Let u(m) = 157*m - 20. Let a = -55 + 51. Let j be u(a). What are the prime factors of (-1)/(7/(-2)) + j/(-84)?
2
Suppose 1 = -2*o + 3*g, -5*g = 4*o - 3*g + 26. What are the prime factors of 16/(-20) + (-7619)/o?
1523
Let c(w) = w**3 - 16*w**2 - 4*w + 41. Let o be c(16). Let z = 12 - o. List the prime factors of z.
5, 7
Suppose 0 = 5*l - 4021 + 996. Let o be (1 - -6)*(-426)/7. Let u = o + l. What are the prime factors of u?
179
Let n(i) = -178*i**3 - 6*i**2 - 4*i - 49. List the prime factors of n(-6).
13, 2939
Suppose 0 = 6*u + 17 - 461. Let o be ((-12)/(-3))/4 - -67. Suppose o = f - u. What are the prime factors of f?
2, 71
Let m be (5 - 3)/1 + 678. Suppose m = -3*z - 14*z. What are the prime factors of z/(-10) + 330/2?
13
Suppose -4*k - 5*s + 9272 = -1279, -3*k - 2*s + 7922 = 0. Let a = 3723 - k. What are the prime factors of a?
13, 83
Let c be (426/(-8)*(-4)/3)/1. Suppose 821 = 4*k + p, 1541 - 496 = 5*k - 5*p. Let w = c + k. List the prime factors of w.
277
Suppose 5*s - 46*n + 50*n - 69916 = 0, -6*s + 83900 = 5*n. List the prime factors of s.
2, 3, 5, 233
Let j(n) = 2*n**2 + 14*n + 12. Let p be j(-6). List the prime factors of 18/(-6) - (-392 - (1 + p)).
2, 3, 5, 13
Suppose -2*h + 49336 = 4*u, 2*u + 96*h = 92*h + 24662. What are the prime factors of u?
5, 2467
Suppose -575*z + 578*z = -4*f + 25596, 0 = f - 3. List the prime factors of z.
2, 13, 41
Let y be (-1)/(-3)*(8398 - 25). Suppose 8*h - y = -5*c + 7*h, -1689 = -3*c + 3*h. What are the prime factors of c?
13, 43
Let h = 80 + -148. Let l = h - -157. Suppose 7*m + 47 = l. What are the prime factors of m?
2, 3
Let o(u) = 2*u + 57. Let d(t) = 4*t**3 + 2*t + 8*t**2 + 0*t - 6 - 6*t**3 - 6*t. Let s be d(4). List the prime factors of o(s).
13
Suppose 13 = -4*z - 23. Let i(v) = 11*v**2 - 17*v - 27. Let p(u) = -5*u**2 + 9*u + 14. Let n(b) = z*p(b) - 4*i(b). What are the prime factors of n(-8)?
2, 3, 5
Suppose 3*b + 339 = 2*y - 43, 2*b - 3*y = -263. Let u = b - -73. Let d = u + 73. List the prime factors of d.
2, 11
Let w(b) = -35*b - 18 - 161 + 49 - 192. List the prime factors of w(-21).
7, 59
Suppose -99*k + 76129 + 131122 - 36575 = 0. What are the prime factors of k?
2, 431
What are the prime factors of -11 - (-2 + -4 + -18728)?
3, 79
Suppose 5 = j + 3. Suppose 0 = -j*d + z + 307, 3*d + 3*z + 50 = 515. List the prime factors of d.
2, 7, 11
Let j(y) = 9*y**2 - 16*y + 29. Let f be j(11). Suppose 3*m - 5*t = 687, -2*t = 6*m - 2*m - f. List the prime factors of m.
2, 3, 13
Suppose 6*l = 3*l + 12. Suppose -l*w - 7 = 29. List the prime factors of (-5 - -3)*w/2.
3
Let j(x) be the third derivative of 11*x**6/40 - x**5/20 + x**4/2 - 13*x**3/6 + 102*x**2. List the prime factors of j(3).
887
Suppose 137810 + 141347 = -2*g + 19*g. What are the prime factors of g?
16421
Suppose 5*z - 6719 = 3126. Let r = z - 758. What are the prime factors of r?
7, 173
Let h = 515 + 2286. What are the prime factors of h?
2801
Let d(g) = 67*g - 6. Let l(m) = 200*m - 16. Let i(s) = 8*d(s) - 3*l(s). Let k = -4 + 3. What are the prime factors of i(k)?
2
Suppose -68*d - 29*d = -836916. List the prime factors of d.
2, 3, 719
Suppose 0 = 52*j - 53*j + 97. Suppose 129*y - 130*y + j = 0. List the prime factors of y.
97
Suppose -1458*z + 13854 = -1452*z. What are the prime factors of z?
2309
Let c(g) = -142*g**3 + 2*g**2 - 5*g - 10. Let t be c(-2). Suppose -4*q + 5*q - u = 1140, 3*u - t = -q. What are the prime factors of q?
7, 163
Let a(m) = 12 + 0*m**3 - m - m - 9*m**2 - 7*m**3 + 8*m**3. Let x be a(8). What are the prime factors of (-1)/6 + x/24 + 48?
3, 5
Let s(z) = z**3 - 7*z**2 - 18*z + 4. Let v be s(9). Suppose x - v*g = 0, -4*g = -6*x + 2*x. Suppose -4*b + 496 - 164 = x. List the prime factors of b.
83
